s divided by 13?
11
Suppose -2*s + 54 = 2*n + 2*s, 5*s = 2*n - 36. What is the remainder when n is divided by 12?
11
Suppose 0 = 4*o - 142 - 310. Suppose 0*c = c - o. Suppose 2*w - 30 = -4*i + 80, 5*w - c = -4*i. Calculate the remainder when i is divided by 10.
7
Suppose 0 = -5*b - 5*r + 10, 5*b - 3*b - 13 = -5*r. Let u = b + 7. Suppose -2 - 14 = -4*z. Calculate the remainder when u is divided by z.
2
Let k = 9 - 3. Suppose -l = 2*h - 2, 0 = 5*h + l - 8 - 3. Suppose -h*i - 9 = -k*i. Calculate the remainder when 5 is divided by i.
2
Suppose 4*c - 191 = 9. Let i(x) = 5*x - 10. Let k be i(10). Suppose -1 = -3*o + 2*q + k, -2*q + 95 = 5*o. What is the remainder when c is divided by o?
16
Let b(t) = -t**2 + 36*t - 58. What is the remainder when b(27) is divided by 21?
17
Suppose -s = 2*s - 39. Let v = s + -9. Let i = -2 + v. What is the remainder when 5 is divided by i?
1
Suppose 7*p - 4*p = -3*t + 9, 5*t + 6 = 2*p. Suppose -3*k - 5*o + 47 = 0, 2*k - 4*o - 3 + 1 = t. Calculate the remainder when k is divided by -2 + 0 - -4 - -3.
4
Let s(r) = -8*r - 17. Calculate the remainder when 46 is divided by s(-3).
4
Let n(k) = -k**3 + 5*k**2 - k - 4. Suppose -z = -3*z + 8. Calculate the remainder when 29 is divided by n(z).
5
Suppose 53 = 2*n - 47. Suppose 5*y - 7 = -4*j + 13, n = 3*j - 5*y. What is the remainder when j is divided by 6?
4
Suppose 4 = 4*m - 12. What is the remainder when 14 is divided by m?
2
Suppose -o + 28 = 3*o. Let r = o - 13. Let u(d) = d**2 + 5*d - 2. Calculate the remainder when 7 is divided by u(r).
3
Let u = -10 + 15. Suppose u*w = 117 + 123. Calculate the remainder when w is divided by 25.
23
Suppose 29*c + 124 = 33*c. What is the remainder when c is divided by 17?
14
Suppose 120 = -5*b - 45. What is the remainder when 42 is divided by 2*(-1)/(6/b)?
9
Let a = -22 + 32. Let j(b) = -2*b - 4. Let s be j(-8). Suppose -2*p = -4*p + s. What is the remainder when a is divided by p?
4
Suppose 0 = 5*f + 6 - 301. Let a be (-2 + (-4 - -1))/1. Let t(b) = 2*b**2 + 6*b - 5. Calculate the remainder when f is divided by t(a).
14
Suppose -3*o = -0*o - 102. Suppose -c + 2*l = -5, 4*c + 0*c - 10 = 3*l. Let a(u) = 12*u**2. Calculate the remainder when o is divided by a(c).
10
Let s be (-2)/(-8) - 3/12. Let x be 2/(-4 - -2) + s. What is the remainder when 0 - (-36 - (0 - x)) is divided by 19?
18
Let a be 2*(-3)/(18/87). Let q = a + -31. Let o = q - -103. Calculate the remainder when o is divided by 15.
13
Let j = 51 + -74. Let s(g) = g**3 + 8*g**2 + 3*g + 4. Let y be s(-3). Let x = j + y. What is the remainder when x is divided by 9?
8
Suppose -2*z + 3 = 29. Let j = -11 - z. Calculate the remainder when (-10)/(-3)*6/5 is divided by j.
0
Let p = -32 - -50. Let c(t) = -t**3 + 5*t**2 - 4*t + 2. Let r be c(4). Suppose -h = -r*h + 53. Calculate the remainder when h is divided by p.
17
Let y(w) = -14*w**3 + 2*w**2 - 1. Let a be y(1). Let x = a + 20. Calculate the remainder when 19 is divided by x.
5
Suppose -2*n + 182 = -312. Suppose 5*r + 67 = n. Calculate the remainder when r is divided by 10.
6
Let g = 17 - 3. Suppose u - 116 = -3*t, -5*t + 200 = -4*u - u. What is the remainder when t is divided by g?
11
Suppose -5*n + 189 = 4*n. Calculate the remainder when n is divided by 10.
1
Suppose -129*r - 18 = -131*r. Calculate the remainder when 24 is divided by r.
6
Let u(y) = 8*y**2 - y - 26. What is the remainder when u(-4) is divided by 9?
7
Suppose 18 = -2*j + 222. Let p(m) = m**3 + 15*m**2 - 2*m - 4. What is the remainder when j is divided by p(-15)?
24
Let f = 11 + -11. Suppose f*w + 14 = w. What is the remainder when 55 is divided by w?
13
Suppose 97 = 5*p + 4*j, 3*p + j = 28 + 26. Let y(i) = i**3 - 7*i**2 + i - 5. Let h be y(7). Calculate the remainder when (-2)/(3*h/(-147)) is divided by p.
15
Let b(j) = j. Let w be b(0). Suppose 2*g + w = 24. Calculate the remainder when g is divided by (2/(-3))/((-2)/21).
5
Let j(m) = m**2 + 2*m. Calculate the remainder when j(5) is divided by 2/(-4)*2*-12.
11
Let j(v) = -v**2 + 22*v + 53. What is the remainder when j(22) is divided by 18?
17
Let o = 25 + -16. Let p = -34 + 58. Calculate the remainder when p is divided by o.
6
Let t(p) = p**2 + 3*p + 1. Let m be t(4). Let n = 46 - m. What is the remainder when n is divided by 5?
2
Suppose 3*c = 5*m - 8*m + 48, 2*m = -5*c + 47. Calculate the remainder when 13 is divided by m.
2
Suppose 2*k - p - 135 = 0, 102 - 432 = -5*k - 5*p. Suppose 3*q - 84 = -33. What is the remainder when k is divided by q?
16
Suppose 5*j = 4*r - r + 127, 4*j + r = 88. Suppose 3*q - q - 25 = -3*t, -q + j = -2*t. Let b = 111 + -78. Calculate the remainder when b is divided by q.
16
Let g = -41 + 84. Calculate the remainder when g is divided by 15.
13
Suppose -3*a = -441 + 81. Calculate the remainder when a is divided by 61.
59
Suppose 0 + 4 = -g. Let w = g + 15. What is the remainder when w is divided by (-2)/5 + (-64)/(-10)?
5
Let a = -55 + 106. Let b = -32 + a. Calculate the remainder when 73 is divided by b.
16
Suppose -8*b = -7*b - 21. Calculate the remainder when 104 is divided by b.
20
Suppose -4*f + 40 + 44 = 0. Let l(w) = -5 + 3 + 21*w + 0. Calculate the remainder when l(3) is divided by f.
19
Let f(j) = -j**3 - 3*j**2 + 4. Let g be f(-3). Let k be g/(-10) - 66/10. Let t = -2 - k. What is the remainder when t is divided by 3?
2
Let s = 3 + 0. Suppose s = -3*k, -4*i = -5*i + k. What is the remainder when 32 is divided by (-2 - -21) + -1 + i?
15
Let d(q) = -3*q + 0 + 2 + 0. Let h = 20 + -23. What is the remainder when d(h) is divided by 6?
5
Let c(a) = 5*a**3 + a. Let x be c(1). Suppose 2*p + o - x = 0, 4*p + 2*o = 3*o. Let k(n) = -n**2 + 6*n - 3. Calculate the remainder when k(5) is divided by p.
0
Suppose -2*a + a + 36 = 0. Suppose -v - q + 28 = v, 3*v + 3*q = a. What is the remainder when v is divided by ((-4)/3)/(4/(-18))?
4
Let v = -29 + 42. Suppose -x + 4 = -v. Suppose -7*u = -3*u - 20. Calculate the remainder when x is divided by u.
2
Let s be (-2)/7 - (-254)/7. Suppose -2*l = -6*l + s. Let u = l + 17. What is the remainder when u is divided by 7?
5
Let a be 9/6*(-4)/(-3). Let d(g) = 4*g**2 + g + 2. What is the remainder when 2/(-10) + (-382)/(-10) is divided by d(a)?
18
Suppose 0 = -3*b + 8*b + 305. Let p = -8 - b. Suppose 5*w = 2*w + 54. What is the remainder when p is divided by w?
17
Suppose 0 = 3*w + 3*t - 27, 0 = -5*w + 2*t + 16 + 8. Suppose 5*j - w = p, -2*j = 5*p + 3*j. Let f = p - -4. What is the remainder when f is divided by 2?
1
Suppose -3*u = 4*m - 0*u - 141, 0 = -3*m + 5*u + 84. Suppose -4 = h + 5*f - 0*f, h - 10 = 2*f. Calculate the remainder when m is divided by 385/33 - (-2)/h.
9
Suppose -2*q - 3*s + 27 = 0, -s = -6*s + 25. Suppose 45 = 2*k + k. Suppose -k = -y + 4*t, y - 2*t - q = -t. Calculate the remainder when 4 is divided by y.
1
Let a(n) = 3*n + 2. Let p = 27 - 22. Calculate the remainder when a(2) is divided by p.
3
Suppose -7*z + z + 48 = 0. What is the remainder when 24 is divided by z?
0
Let k = 69 + -54. Let t = 18 + 25. Calculate the remainder when t is divided by k.
13
Let s = 441 + -267. What is the remainder when s is divided by 44?
42
Suppose 2*p = -2*m - 6 + 32, 3*p - 4*m = 25. What is the remainder when 41 is divided by p?
8
Let a = -3 + 3. Suppose a = -0*h + 3*h - 54. Let j = -8 + h. Calculate the remainder when 29 is divided by j.
9
Let k(j) = -j**2 - j + 1. Let d be k(1). Let x(l) = 21*l - 1. Let m be x(d). Let h = -10 - m. What is the remainder when 45 is divided by h?
9
Let t = -29 + 60. Let v(o) = o**2 - 4*o + 1. Let q be v(5). Suppose t = k - q. Calculate the remainder when k is divided by 13.
11
Suppose 5*y - 30 = -5*p, 0*p + y - 22 = -3*p. What is the remainder when 14 is divided by p?
6
Let u = -50 - -74. What is the remainder when 46 is divided by u?
22
Let q(v) = -v**2 + v + 4. Let a be q(0). Suppose 19 = 3*x + a*j, x - 4 = j + 14. Let b(s) = s**2 - 3*s + 25. Calculate the remainder when b(0) is divided by x.
12
Let n(z) = 4*z - 116. Calculate the remainder when 44 is divided by n(31).
4
Let d(r) = -2*r + 1. Calculate the remainder when 12 is divided by d(-2).
2
Let d = 59 - 28. What is the remainder when 91 is divided by d?
29
Let k(t) = t**3 + 5*t**2 + 3. Let n be k(-5). Suppose -4*q + 25 + n = 0. Let y(o) = -o - 1. What is the rema